{"id":3289,"date":"2021-11-10T11:58:13","date_gmt":"2021-11-10T14:58:13","guid":{"rendered":"https:\/\/museunacionalvive.org.br\/governance\/"},"modified":"2025-12-19T11:58:42","modified_gmt":"2025-12-19T14:58:42","slug":"governance","status":"publish","type":"page","link":"https:\/\/museunacionalvive.org.br\/en\/governance\/","title":{"rendered":"Governance"},"content":{"rendered":"\n<p>The management of the <strong>Vive Nacional Museum Project<\/strong> is based on the centrality of the governance model, transparency in communication, and effectiveness of results. With the potential to become an international reference in the area of museums, the lengthy rebuilding process observes all guidelines related to the preservation of <strong>historical heritage<\/strong>,<strong>memory <\/strong>valuation, <strong>accessibility <\/strong>and cultural <strong>diversity. <\/strong><\/p>\n\n\n\n<p>Our governance model is receptive to new partners, to <strong>dialogue <\/strong> with national and foreign communities, and has as main objective to rebuild the Museum under parameters of <strong> excellence, safety, scientific and cultural relevance.<\/strong>.<\/p>\n\n\n\n<p>The established governance structure monitors ongoing and future activities, aiming to articulate and optimize the different initiatives and projects, in addition to ensuring the smooth execution and continuity of planned actions and compliance with the schedule.<\/p>\n\n\n\n<div class=\"wp-block-columns\">\n<div class=\"wp-block-column\" style=\"flex-basis:100%\">\n<pre class=\"wp-block-preformatted\"><\/pre>\n<\/div>\n<\/div>\n\n\n\n<p><\/p>\n\n\n\n<hr class=\"wp-block-separator\" \/>\n\n\n\n<p class=\"has-medium-font-size\"><strong>WHO WE ARE <\/strong><\/p>\n\n\n\n<p class=\"has-black-color has-pale-cyan-blue-background-color has-text-color has-background has-medium-font-size\" id=\"block-d3537fbe-4b01-4697-a764-d131cd6f634b\"><strong>EXECUTIVE COMMITTEE<\/strong><\/p>\n\n\n<p><strong>UFRJ and NATIONAL MUSEUM<\/strong><\/p>\n<p style=\"padding-left: 40px\"><strong>Roberto de Andrade Medronho<\/strong>, UFRJ Rector<br><em>Alternate Rector: Jo\u00e3o Carlos Ferraz, Professor at UFRJ Institute of Economies<\/em><\/p>\n<p style=\"padding-left: 40px\"><strong>Cassia Curan Turci<\/strong>, UFRJ Vice Dean <br><em>Alternate Vice Rector:&nbsp; Christine Ruta, Coordinator of the Science and Culture Forum at UFRJ<\/em><\/p>\n<p style=\"padding-left: 40px\"><strong>Alexander Kellner<\/strong>, Director of the National Museum\/UFRJ<br><em>Alternate Director: Ronaldo Fernandes, Adjunct Technical-Scientific Director of the National Museum&nbsp;<\/em><\/p>\n<p><strong>UNESCO<\/strong><\/p>\n<p style=\"padding-left: 40px\"><strong>Marlova Jovchelovitch Noleto<\/strong>, UNESCO Director and Representative in Brazil<br><em>Alternate Director: Isabel de Paula, Culture Sector Coordinator&nbsp;<\/em><\/p>\n<p><strong>VALE CULTURAL INSTITUTE<\/strong><\/p>\n<p style=\"padding-left: 40px\"><strong>Hugo Barreto<\/strong>, CEO<br><em>Alternate: Luciana Gondim, Executive Director<\/em><\/p>\n<p style=\"padding-left: 40px\"><strong>Flavia Constant<\/strong>, Vice-President of the Strategic Council<br><em>Alternate: <strong>Marize Mattos<\/strong>, Sponsorship Coordinator<\/em><\/p>\n<p><strong>CIVIL SOCIETY REPRESENTATIVE<\/strong><\/p>\n<p style=\"padding-left: 40px\"><strong>Marcelo Mattos Araujo<\/strong> &#8211; Instituto Moreira Salles Director<\/p>\n\n\n<p class=\"has-black-color has-pale-cyan-blue-background-color has-text-color has-background has-medium-font-size\" id=\"block-39648c98-1445-40cc-bcff-afc062a80b49\"><strong>INSTITUTIONAL COMMITTEE<\/strong><\/p>\n\n\n\n<p><strong>Roberto de Andrade Medronho<\/strong> \u2013 Rector of the Federal University of Rio de Janeiro (UFRJ)<br><strong>Alexander W. A. Kellner<\/strong> \u2013 Director of the National Museum\/UFRJ<br><strong>Krista Pikkat<\/strong> \u2013 Director of Culture and Emergencies, UNESCO<br><strong>Luciana Gondim<\/strong> \u2013 Executive Director, Vale Cultural Institute<br><strong>Luciane Gorgulho<\/strong> \u2013 Brazilian Development Bank (BNDES)<br><strong>Lucia Basto<\/strong> \u2013 Executive Manager, National Museum Lives Project<br><strong>Maria Vargas<\/strong> \u2013 Brazilian Academy of Sciences (ABC)<br><strong>Ot\u00e1vio Guilherme Cardoso Alves Velho<\/strong> \u2013 Honorary President, Brazilian Society for the Advancement of Science (SBPC)<br><strong>Jos\u00e9 Luiz Pedersoli<\/strong> \u2013 International Centre for the Study of the Preservation and Restoration of Cultural Property (ICCROM)<br><strong>Juarez Maia de Carvalho<\/strong> \u2013 Technical Director, S\u00e3o Crist\u00f3v\u00e3o Community Council<br><strong>Sarah Gil do Amaral Martins<\/strong> \u2013 Cosan<br><strong>Cl\u00e1udia Seidler<\/strong> \u2013 Deputy Consul General of Germany in Rio de Janeiro<br><strong>Judith Schildberger<\/strong> \u2013 Government of Austria<br><strong>Caroline Vabret<\/strong> and <strong>Ion\u00e1 Zalcberg<\/strong> \u2013 Consulate of France<br><strong>Adileine P\u00e9res<\/strong> \u2013 Ministry of Education<br><strong>Pedro Colares da Silva Heringer<\/strong> \u2013 Ministry of Culture<br><strong>Patricia Wanzeller<\/strong> \u2013 Executive Superintendent, IPHAN in Rio de Janeiro<br><strong>Renata Pereira Passos da Silva<\/strong> \u2013 Brazilian Institute of Museums (IBRAM)<br><strong>Mari\u00e2ngela Menezes<\/strong> \u2013 Friends of the National Museum Association (SAMN)<br><strong>Mar\u00edlia Neres<\/strong> \u2013 Government of Portugal<br><strong>Ulrike Rentschler<\/strong> \u2013 Advisor for Cultural, Political and Protocol Affairs, Consulate General of Germany<br><strong>Diego Vaz Bevilaqua<\/strong> and <strong>Vera Mangas<\/strong> \u2013 ICOM Brazil<br><strong>Alexandre Jesus<\/strong> \u2013 Cam\u00f5es Institute<br><strong>Isabel H\u00f6lzl<\/strong> \u2013 Goethe-Institut<\/p>\n\n\n\n<p class=\"has-pale-cyan-blue-background-color has-background has-medium-font-size\"><strong>TECHNICAL MANAGEMENT GROUP<\/strong><\/p>\n\n\n\n<p id=\"block-f74e3b26-0768-42af-a51c-3b99762cbebc\"><strong>UFRJ and MUSEU NACIONAL<\/strong><\/p>\n\n\n\n<p><strong>C\u00e1ssia Curan Turci<\/strong> <br>Vice-Dean of UFRJ<br><br><strong>Jo\u00e3o Carlos Ferraz <\/strong><br>Professor at the Institute of Economics of UFRJ<\/p>\n\n\n\n<p><strong>Alexander Kellner <\/strong><br>Director of the Museu Nacional\/UFRJ<\/p>\n\n\n\n<p><strong>UNESCO<\/strong><\/p>\n\n\n\n<p><strong>Isabel de Paula<\/strong> <br>Coordinator of the Culture Sector<br><br><strong>Diogo Carvalho <\/strong><br>Culture Sector Project Officer<\/p>\n\n\n\n<p><strong>INSTITUTO CULTURAL VALE<br>Hugo Barreto<\/strong> <br>Chief Executive Officer<\/p>\n\n\n\n<p><strong>BNDES<\/strong><br><strong>Patricia Zendron<\/strong><br>Manager of the Department of Urban Development, Tourism and Culture<\/p>\n\n\n\n<p><strong>SAMN<\/strong><br><strong>Mari\u00e2ngela Menezes<\/strong> <br>President<\/p>\n\n\n\n<p><strong>COORDINATION<\/strong><\/p>\n\n\n\n<p><strong>Lucia Basto <\/strong><br>Executive Manager of the Project Museu Nacional Vive<br><br><strong>Patricia Hockensmith <\/strong><br>PMNV Institutional Development Coordinator<\/p>\n\n\n\n<p class=\"has-black-color has-pale-cyan-blue-background-color has-text-color has-background has-medium-font-size\" id=\"block-9a0d4764-ec40-4e0f-a8df-0a2e7e896bfc\"><strong>SAFETY AND SUSTAINABILITY WORKING GROUP<\/strong><\/p>\n\n\n\n<p><strong>Luciane Gorgulho<\/strong><br>Head of the Department of Urban Development, Culture and Tourism of BNDES<br>Deputy: <strong>Patricia Zendron <\/strong>&#8211; Manager of the Department of Urban Development, Tourism and Culture<\/p>\n\n\n\n<p><strong>C\u00e1ssia Curan Turci<br><\/strong>Vice-Dean of UFRJ<br>Deputy: <strong>Jo\u00e3o Carlos Ferraz <\/strong>&#8211; Professor at the Institute of Economics of UFRJ<\/p>\n\n\n\n<p><strong>Alexander Kellner<\/strong><br>Director of the Museu Nacional\/UFRJ<br>Deputy: <strong>Mariah Martins <\/strong>&#8211; Chief of Staff of the Museu Nacional\/UFRJ<\/p>\n\n\n\n<p><strong>Isabel de Paula<\/strong> <br>Coordinator of the UNESCO Culture Sector in Brazil<br>Deputy:<strong> Sylvio Carneiro de Farias <\/strong>&#8211; UNESCO Consultant <br><br><strong>Hugo Barreto<\/strong> <br>CEO of the Vale Cultural Institute<br>Deputy: <strong>Luciana Gondim<\/strong> &#8211; Executive Director of the Vale Cultural Institute<\/p>\n\n\n\n<p><strong>Mari\u00e2ngela Menezes<\/strong><br>President of SAMN<br>Deputy: <strong>Rosemeri Orth <\/strong>&#8211; SAMN Financial Manager<\/p>\n\n\n\n<p><strong>Lucia Basto<\/strong><br>Executive Manager of the Project Museu Nacional Vive<br>Deputy: <strong>Patricia Hockensmith<\/strong> &#8211; Institutional Development Coordinator of the Project Museu Nacional Vive<\/p>\n\n\n\n<p><strong>COORDINATION<\/strong><\/p>\n\n\n\n<p><strong>Carolina Junqueira Homem de Mello<\/strong><br>BNDES Urban Development, Heritage and Tourism Department<\/p>\n\n\n\n<p class=\"has-black-color has-pale-cyan-blue-background-color has-text-color has-background has-medium-font-size\" id=\"block-d33132b5-e8b7-4759-b113-981464f8ca3c\"><strong>GENERAL COORDINATION<\/strong><\/p>\n\n\n\n<p><strong>Lucia Basto &#8211; <\/strong>Executive Management<br><strong>Larissa Gra\u00e7a <\/strong>&#8211; Technical and Strategic Manager<br><strong>Diogo Carvalho &#8211; <\/strong>Project Management<br><strong>Maria Am\u00e9lia de Mello Galv\u00e3o &#8211; <\/strong>Executive Management<br><strong>Nath\u00e1lia Rocha &#8211; <\/strong>Executive Management<br><strong>Claudia Coutinho &#8211; <\/strong>Executive Management<br><strong>Caio Dias &#8211; <\/strong>Management of new exhibitions<br><strong>Luiz Figueiredo<\/strong> &#8211; Administrative Management<br><strong>Tiago Montenegro<\/strong> &#8211; Strategic Communication<br><strong>Renata Baltar &#8211; <\/strong>Consultant on national and international cooperation for new acquisitions<br><strong>Patricia Hockensmith <\/strong>&#8211; Institutional Development<\/p>\n\n\n\n<p><strong>HISTORICAL, ARCHITECTURAL AND MUSEOGRAPHIC CONTENT:<\/strong><\/p>\n\n\n\n<p><strong>Amanda Cavalcanti <\/strong>&#8211; Museologist at the Museu Nacional\/UFRJ<br><strong>Fernanda Pires Santos<\/strong> &#8211; Museologist at the Museu Nacional\/UFRJ<br><strong>Paulo Victor Catharino Gitsin<\/strong> &#8211; Museologist at the Museu Nacional\/UFRJ<br><strong>Thais Mayumi Pinheiro<\/strong> &#8211; Museologist at the Museu Nacional\/UFRJ<\/p>\n\n\n\n<hr class=\"wp-block-separator\" \/>\n","protected":false},"excerpt":{"rendered":"<p>The management of the Vive Nacional Museum Project is based on the centrality of the governance model, transparency in communication, and effectiveness of results. With the potential to become an international reference in the area of museums, the lengthy rebuilding process observes all guidelines related to the preservation of historical heritage,memory valuation, accessibility and cultural [&hellip;]<\/p>\n","protected":false},"author":1,"featured_media":0,"parent":0,"menu_order":0,"comment_status":"closed","ping_status":"closed","template":"","meta":[],"page_category":[71],"acf":[],"_links":{"self":[{"href":"https:\/\/museunacionalvive.org.br\/en\/wp-json\/wp\/v2\/pages\/3289"}],"collection":[{"href":"https:\/\/museunacionalvive.org.br\/en\/wp-json\/wp\/v2\/pages"}],"about":[{"href":"https:\/\/museunacionalvive.org.br\/en\/wp-json\/wp\/v2\/types\/page"}],"author":[{"embeddable":true,"href":"https:\/\/museunacionalvive.org.br\/en\/wp-json\/wp\/v2\/users\/1"}],"replies":[{"embeddable":true,"href":"https:\/\/museunacionalvive.org.br\/en\/wp-json\/wp\/v2\/comments?post=3289"}],"version-history":[{"count":25,"href":"https:\/\/museunacionalvive.org.br\/en\/wp-json\/wp\/v2\/pages\/3289\/revisions"}],"predecessor-version":[{"id":5305,"href":"https:\/\/museunacionalvive.org.br\/en\/wp-json\/wp\/v2\/pages\/3289\/revisions\/5305"}],"wp:attachment":[{"href":"https:\/\/museunacionalvive.org.br\/en\/wp-json\/wp\/v2\/media?parent=3289"}],"wp:term":[{"taxonomy":"page_category","embeddable":true,"href":"https:\/\/museunacionalvive.org.br\/en\/wp-json\/wp\/v2\/page_category?post=3289"}],"curies":[{"name":"wp","href":"https:\/\/api.w.org\/{rel}","templated":true}]}}

<p>The management of the <strong>Vive Nacional Museum Project</strong> is based on the centrality of the governance model, transparency in communication, and effectiveness of results. With the potential to become an international reference in the area of museums, the lengthy rebuilding process observes all guidelines related to the preservation of <strong>historical heritage</strong>,<strong>memory </strong>valuation, <strong>accessibility </strong>and cultural <strong>diversity. </strong></p>



<p>Our governance model is receptive to new partners, to <strong>dialogue </strong> with national and foreign communities, and has as main objective to rebuild the Museum under parameters of <strong> excellence, safety, scientific and cultural relevance.</strong>.</p>



<p>The established governance structure monitors ongoing and future activities, aiming to articulate and optimize the different initiatives and projects, in addition to ensuring the smooth execution and continuity of planned actions and compliance with the schedule.</p>



<div class="wp-block-columns">
<div class="wp-block-column" style="flex-basis:100%">
<pre class="wp-block-preformatted"></pre>
</div>
</div>



<p></p>



<hr class="wp-block-separator" />



<p class="has-medium-font-size"><strong>WHO WE ARE </strong></p>



<p class="has-black-color has-pale-cyan-blue-background-color has-text-color has-background has-medium-font-size" id="block-d3537fbe-4b01-4697-a764-d131cd6f634b"><strong>EXECUTIVE COMMITTEE</strong></p>


<p><strong>UFRJ and NATIONAL MUSEUM</strong></p>
<p style="padding-left: 40px"><strong>Roberto de Andrade Medronho</strong>, UFRJ Rector<br><em>Alternate Rector: João Carlos Ferraz, Professor at UFRJ Institute of Economies</em></p>
<p style="padding-left: 40px"><strong>Cassia Curan Turci</strong>, UFRJ Vice Dean <br><em>Alternate Vice Rector:&nbsp; Christine Ruta, Coordinator of the Science and Culture Forum at UFRJ</em></p>
<p style="padding-left: 40px"><strong>Alexander Kellner</strong>, Director of the National Museum/UFRJ<br><em>Alternate Director: Ronaldo Fernandes, Adjunct Technical-Scientific Director of the National Museum&nbsp;</em></p>
<p><strong>UNESCO</strong></p>
<p style="padding-left: 40px"><strong>Marlova Jovchelovitch Noleto</strong>, UNESCO Director and Representative in Brazil<br><em>Alternate Director: Isabel de Paula, Culture Sector Coordinator&nbsp;</em></p>
<p><strong>VALE CULTURAL INSTITUTE</strong></p>
<p style="padding-left: 40px"><strong>Hugo Barreto</strong>, CEO<br><em>Alternate: Luciana Gondim, Executive Director</em></p>
<p style="padding-left: 40px"><strong>Flavia Constant</strong>, Vice-President of the Strategic Council<br><em>Alternate: <strong>Marize Mattos</strong>, Sponsorship Coordinator</em></p>
<p><strong>CIVIL SOCIETY REPRESENTATIVE</strong></p>
<p style="padding-left: 40px"><strong>Marcelo Mattos Araujo</strong> &#8211; Instituto Moreira Salles Director</p>


<p class="has-black-color has-pale-cyan-blue-background-color has-text-color has-background has-medium-font-size" id="block-39648c98-1445-40cc-bcff-afc062a80b49"><strong>INSTITUTIONAL COMMITTEE</strong></p>



<p><strong>Roberto de Andrade Medronho</strong> – Rector of the Federal University of Rio de Janeiro (UFRJ)<br><strong>Alexander W. A. Kellner</strong> – Director of the National Museum/UFRJ<br><strong>Krista Pikkat</strong> – Director of Culture and Emergencies, UNESCO<br><strong>Luciana Gondim</strong> – Executive Director, Vale Cultural Institute<br><strong>Luciane Gorgulho</strong> – Brazilian Development Bank (BNDES)<br><strong>Lucia Basto</strong> – Executive Manager, National Museum Lives Project<br><strong>Maria Vargas</strong> – Brazilian Academy of Sciences (ABC)<br><strong>Otávio Guilherme Cardoso Alves Velho</strong> – Honorary President, Brazilian Society for the Advancement of Science (SBPC)<br><strong>José Luiz Pedersoli</strong> – International Centre for the Study of the Preservation and Restoration of Cultural Property (ICCROM)<br><strong>Juarez Maia de Carvalho</strong> – Technical Director, São Cristóvão Community Council<br><strong>Sarah Gil do Amaral Martins</strong> – Cosan<br><strong>Cláudia Seidler</strong> – Deputy Consul General of Germany in Rio de Janeiro<br><strong>Judith Schildberger</strong> – Government of Austria<br><strong>Caroline Vabret</strong> and <strong>Ioná Zalcberg</strong> – Consulate of France<br><strong>Adileine Péres</strong> – Ministry of Education<br><strong>Pedro Colares da Silva Heringer</strong> – Ministry of Culture<br><strong>Patricia Wanzeller</strong> – Executive Superintendent, IPHAN in Rio de Janeiro<br><strong>Renata Pereira Passos da Silva</strong> – Brazilian Institute of Museums (IBRAM)<br><strong>Mariângela Menezes</strong> – Friends of the National Museum Association (SAMN)<br><strong>Marília Neres</strong> – Government of Portugal<br><strong>Ulrike Rentschler</strong> – Advisor for Cultural, Political and Protocol Affairs, Consulate General of Germany<br><strong>Diego Vaz Bevilaqua</strong> and <strong>Vera Mangas</strong> – ICOM Brazil<br><strong>Alexandre Jesus</strong> – Camões Institute<br><strong>Isabel Hölzl</strong> – Goethe-Institut</p>



<p class="has-pale-cyan-blue-background-color has-background has-medium-font-size"><strong>TECHNICAL MANAGEMENT GROUP</strong></p>



<p id="block-f74e3b26-0768-42af-a51c-3b99762cbebc"><strong>UFRJ and MUSEU NACIONAL</strong></p>



<p><strong>Cássia Curan Turci</strong> <br>Vice-Dean of UFRJ<br><br><strong>João Carlos Ferraz </strong><br>Professor at the Institute of Economics of UFRJ</p>



<p><strong>Alexander Kellner </strong><br>Director of the Museu Nacional/UFRJ</p>



<p><strong>UNESCO</strong></p>



<p><strong>Isabel de Paula</strong> <br>Coordinator of the Culture Sector<br><br><strong>Diogo Carvalho </strong><br>Culture Sector Project Officer</p>



<p><strong>INSTITUTO CULTURAL VALE<br>Hugo Barreto</strong> <br>Chief Executive Officer</p>



<p><strong>BNDES</strong><br><strong>Patricia Zendron</strong><br>Manager of the Department of Urban Development, Tourism and Culture</p>



<p><strong>SAMN</strong><br><strong>Mariângela Menezes</strong> <br>President</p>



<p><strong>COORDINATION</strong></p>



<p><strong>Lucia Basto </strong><br>Executive Manager of the Project Museu Nacional Vive<br><br><strong>Patricia Hockensmith </strong><br>PMNV Institutional Development Coordinator</p>



<p class="has-black-color has-pale-cyan-blue-background-color has-text-color has-background has-medium-font-size" id="block-9a0d4764-ec40-4e0f-a8df-0a2e7e896bfc"><strong>SAFETY AND SUSTAINABILITY WORKING GROUP</strong></p>



<p><strong>Luciane Gorgulho</strong><br>Head of the Department of Urban Development, Culture and Tourism of BNDES<br>Deputy: <strong>Patricia Zendron </strong>&#8211; Manager of the Department of Urban Development, Tourism and Culture</p>



<p><strong>Cássia Curan Turci<br></strong>Vice-Dean of UFRJ<br>Deputy: <strong>João Carlos Ferraz </strong>&#8211; Professor at the Institute of Economics of UFRJ</p>



<p><strong>Alexander Kellner</strong><br>Director of the Museu Nacional/UFRJ<br>Deputy: <strong>Mariah Martins </strong>&#8211; Chief of Staff of the Museu Nacional/UFRJ</p>



<p><strong>Isabel de Paula</strong> <br>Coordinator of the UNESCO Culture Sector in Brazil<br>Deputy:<strong> Sylvio Carneiro de Farias </strong>&#8211; UNESCO Consultant <br><br><strong>Hugo Barreto</strong> <br>CEO of the Vale Cultural Institute<br>Deputy: <strong>Luciana Gondim</strong> &#8211; Executive Director of the Vale Cultural Institute</p>



<p><strong>Mariângela Menezes</strong><br>President of SAMN<br>Deputy: <strong>Rosemeri Orth </strong>&#8211; SAMN Financial Manager</p>



<p><strong>Lucia Basto</strong><br>Executive Manager of the Project Museu Nacional Vive<br>Deputy: <strong>Patricia Hockensmith</strong> &#8211; Institutional Development Coordinator of the Project Museu Nacional Vive</p>



<p><strong>COORDINATION</strong></p>



<p><strong>Carolina Junqueira Homem de Mello</strong><br>BNDES Urban Development, Heritage and Tourism Department</p>



<p class="has-black-color has-pale-cyan-blue-background-color has-text-color has-background has-medium-font-size" id="block-d33132b5-e8b7-4759-b113-981464f8ca3c"><strong>GENERAL COORDINATION</strong></p>



<p><strong>Lucia Basto &#8211; </strong>Executive Management<br><strong>Larissa Graça </strong>&#8211; Technical and Strategic Manager<br><strong>Diogo Carvalho &#8211; </strong>Project Management<br><strong>Maria Amélia de Mello Galvão &#8211; </strong>Executive Management<br><strong>Nathália Rocha &#8211; </strong>Executive Management<br><strong>Claudia Coutinho &#8211; </strong>Executive Management<br><strong>Caio Dias &#8211; </strong>Management of new exhibitions<br><strong>Luiz Figueiredo</strong> &#8211; Administrative Management<br><strong>Tiago Montenegro</strong> &#8211; Strategic Communication<br><strong>Renata Baltar &#8211; </strong>Consultant on national and international cooperation for new acquisitions<br><strong>Patricia Hockensmith </strong>&#8211; Institutional Development</p>



<p><strong>HISTORICAL, ARCHITECTURAL AND MUSEOGRAPHIC CONTENT:</strong></p>



<p><strong>Amanda Cavalcanti </strong>&#8211; Museologist at the Museu Nacional/UFRJ<br><strong>Fernanda Pires Santos</strong> &#8211; Museologist at the Museu Nacional/UFRJ<br><strong>Paulo Victor Catharino Gitsin</strong> &#8211; Museologist at the Museu Nacional/UFRJ<br><strong>Thais Mayumi Pinheiro</strong> &#8211; Museologist at the Museu Nacional/UFRJ</p>



<hr class="wp-block-separator" />
