{"id":3313,"date":"2021-11-10T15:33:41","date_gmt":"2021-11-10T18:33:41","guid":{"rendered":"https:\/\/museunacionalvive.org.br\/dialogues\/"},"modified":"2024-12-16T19:30:59","modified_gmt":"2024-12-16T22:30:59","slug":"dialogues","status":"publish","type":"page","link":"https:\/\/museunacionalvive.org.br\/en\/dialogues\/","title":{"rendered":"Dialogues"},"content":{"rendered":"\n<p>The National Museum keeps talking to society! In the classroom or at Quinta da Boa Vista, Mangueira or Mar\u00e9\u2026 The Museum continues to operate in different social contexts by means of <strong>courses, events and projects that encourage the exchange of knowledge and dialogue between science and popular knowledge. <\/strong>. <\/p>\n\n\n\n<p><\/p>\n\n\n\n<hr class=\"wp-block-separator\" \/>\n\n\n\n<p class=\"has-white-color has-text-color has-background has-medium-font-size\" style=\"background-color:#00a2af\"><strong>FESTIVAL AT QUINTA DA BOA VISTA<\/strong><\/p>\n\n\n\n<p>The <strong>Museu Nacional Vive Festival <\/strong>offers educational and cultural activities, bringing the public closer to the Museum\u2019s collection and projects. <\/p>\n\n\n\n<figure class=\"wp-block-gallery columns-2 is-cropped\"><ul class=\"blocks-gallery-grid\"><li class=\"blocks-gallery-item\"><figure><img loading=\"lazy\" width=\"1024\" height=\"683\" src=\"https:\/\/museunacionalvive.org.br\/wp-content\/uploads\/2021\/02\/sanitize_19-12-07-festivalmuseunacionalvive-diogovasconcellos-6894.jpg_230221-121724-1024x683.jpg\" alt=\"\" data-id=\"1060\" data-full-url=\"https:\/\/museunacionalvive.org.br\/wp-content\/uploads\/2021\/02\/sanitize_19-12-07-festivalmuseunacionalvive-diogovasconcellos-6894.jpg_230221-121724-scaled.jpg\" data-link=\"https:\/\/museunacionalvive.org.br\/dialogo-com-a-sociedade\/sanitize_19-12-07-festivalmuseunacionalvive-diogovasconcellos-6894-jpg_230221-121724\/\" class=\"wp-image-1491\" srcset=\"https:\/\/museunacionalvive.org.br\/wp-content\/uploads\/2021\/02\/sanitize_19-12-07-festivalmuseunacionalvive-diogovasconcellos-6894.jpg_230221-121724-1024x683.jpg 1024w, https:\/\/museunacionalvive.org.br\/wp-content\/uploads\/2021\/02\/sanitize_19-12-07-festivalmuseunacionalvive-diogovasconcellos-6894.jpg_230221-121724-300x200.jpg 300w, https:\/\/museunacionalvive.org.br\/wp-content\/uploads\/2021\/02\/sanitize_19-12-07-festivalmuseunacionalvive-diogovasconcellos-6894.jpg_230221-121724-768x512.jpg 768w, https:\/\/museunacionalvive.org.br\/wp-content\/uploads\/2021\/02\/sanitize_19-12-07-festivalmuseunacionalvive-diogovasconcellos-6894.jpg_230221-121724-1536x1024.jpg 1536w, https:\/\/museunacionalvive.org.br\/wp-content\/uploads\/2021\/02\/sanitize_19-12-07-festivalmuseunacionalvive-diogovasconcellos-6894.jpg_230221-121724-2048x1365.jpg 2048w\" sizes=\"(max-width: 1024px) 100vw, 1024px\" \/><\/figure><\/li><li class=\"blocks-gallery-item\"><figure><img loading=\"lazy\" width=\"1024\" height=\"683\" src=\"https:\/\/museunacionalvive.org.br\/wp-content\/uploads\/2021\/02\/sanitize_diogovasconcellos-festivalmn-20191020-5188.jpg_230221-121745-1024x683.jpg\" alt=\"\" data-id=\"1061\" data-full-url=\"https:\/\/museunacionalvive.org.br\/wp-content\/uploads\/2021\/02\/sanitize_diogovasconcellos-festivalmn-20191020-5188.jpg_230221-121745-scaled.jpg\" data-link=\"https:\/\/museunacionalvive.org.br\/dialogo-com-a-sociedade\/sanitize_diogovasconcellos-festivalmn-20191020-5188-jpg_230221-121745\/\" class=\"wp-image-1492\" srcset=\"https:\/\/museunacionalvive.org.br\/wp-content\/uploads\/2021\/02\/sanitize_diogovasconcellos-festivalmn-20191020-5188.jpg_230221-121745-1024x683.jpg 1024w, https:\/\/museunacionalvive.org.br\/wp-content\/uploads\/2021\/02\/sanitize_diogovasconcellos-festivalmn-20191020-5188.jpg_230221-121745-300x200.jpg 300w, https:\/\/museunacionalvive.org.br\/wp-content\/uploads\/2021\/02\/sanitize_diogovasconcellos-festivalmn-20191020-5188.jpg_230221-121745-768x512.jpg 768w, https:\/\/museunacionalvive.org.br\/wp-content\/uploads\/2021\/02\/sanitize_diogovasconcellos-festivalmn-20191020-5188.jpg_230221-121745-1536x1024.jpg 1536w, https:\/\/museunacionalvive.org.br\/wp-content\/uploads\/2021\/02\/sanitize_diogovasconcellos-festivalmn-20191020-5188.jpg_230221-121745-2048x1365.jpg 2048w\" sizes=\"(max-width: 1024px) 100vw, 1024px\" \/><\/figure><\/li><\/ul><\/figure>\n\n\n\n<p class=\"has-white-color has-text-color has-background has-medium-font-size\" style=\"background-color:#00a2af\"><strong>MUSEU\u2019S ANNIVERSARY<\/strong><\/p>\n\n\n\n<p>Workshops, cultural actions and access to scientific production highlight <strong>\u201cCi\u00eancia, Hist\u00f3ria e Cultura: o Museu na Quinta da Boa Vista\u201d [Science, History and Culture: the Museum at Quinta da Boa Vista]<\/strong>, a project that mobilizes the entire institution to celebrate, along with the public, this very special date! <\/p>\n\n\n\n<figure class=\"wp-block-image size-large\"><img loading=\"lazy\" width=\"1024\" height=\"684\" src=\"https:\/\/museunacionalvive.org.br\/wp-content\/uploads\/2021\/02\/sanitize_foto29_201anos_creditos_erbs-jr.jpg_230221-121814-1024x684.jpg\" alt=\"\" class=\"wp-image-1493\" srcset=\"https:\/\/museunacionalvive.org.br\/wp-content\/uploads\/2021\/02\/sanitize_foto29_201anos_creditos_erbs-jr.jpg_230221-121814-1024x684.jpg 1024w, https:\/\/museunacionalvive.org.br\/wp-content\/uploads\/2021\/02\/sanitize_foto29_201anos_creditos_erbs-jr.jpg_230221-121814-300x200.jpg 300w, https:\/\/museunacionalvive.org.br\/wp-content\/uploads\/2021\/02\/sanitize_foto29_201anos_creditos_erbs-jr.jpg_230221-121814-768x513.jpg 768w, https:\/\/museunacionalvive.org.br\/wp-content\/uploads\/2021\/02\/sanitize_foto29_201anos_creditos_erbs-jr.jpg_230221-121814-1536x1025.jpg 1536w, https:\/\/museunacionalvive.org.br\/wp-content\/uploads\/2021\/02\/sanitize_foto29_201anos_creditos_erbs-jr.jpg_230221-121814-2048x1367.jpg 2048w\" sizes=\"(max-width: 1024px) 100vw, 1024px\" \/><figcaption>Credits: Erbs Jr.<\/figcaption><\/figure>\n\n\n\n<p class=\"has-white-color has-text-color has-background has-medium-font-size\" style=\"background-color:#00a2af\"><strong>SCIENTIST GIRLS<\/strong><\/p>\n\n\n\n<p>A girl\u2019s place is wherever she wants! Twice a year, the Department of Geology and Paleontology opens enrollment for the <strong>\u201cGirls with Science\u201d <\/strong>course, which encourages curiosity and scientific thinking by means of playful and educational workshops.<\/p>\n\n\n\n<figure class=\"wp-block-gallery columns-1 is-cropped\"><ul class=\"blocks-gallery-grid\"><li class=\"blocks-gallery-item\"><figure><img loading=\"lazy\" width=\"1024\" height=\"615\" src=\"https:\/\/museunacionalvive.org.br\/wp-content\/uploads\/2021\/02\/sanitize_foto58_meninas-com-ciencia.jpg_230221-122021-1024x615.jpg\" alt=\"\" data-id=\"1063\" data-full-url=\"https:\/\/museunacionalvive.org.br\/wp-content\/uploads\/2021\/02\/sanitize_foto58_meninas-com-ciencia.jpg_230221-122021.jpg\" data-link=\"https:\/\/museunacionalvive.org.br\/dialogo-com-a-sociedade\/sanitize_foto58_meninas-com-ciencia-jpg_230221-122021\/\" class=\"wp-image-1494\" srcset=\"https:\/\/museunacionalvive.org.br\/wp-content\/uploads\/2021\/02\/sanitize_foto58_meninas-com-ciencia.jpg_230221-122021-1024x615.jpg 1024w, https:\/\/museunacionalvive.org.br\/wp-content\/uploads\/2021\/02\/sanitize_foto58_meninas-com-ciencia.jpg_230221-122021-300x180.jpg 300w, https:\/\/museunacionalvive.org.br\/wp-content\/uploads\/2021\/02\/sanitize_foto58_meninas-com-ciencia.jpg_230221-122021-768x461.jpg 768w, https:\/\/museunacionalvive.org.br\/wp-content\/uploads\/2021\/02\/sanitize_foto58_meninas-com-ciencia.jpg_230221-122021.jpg 1086w\" sizes=\"(max-width: 1024px) 100vw, 1024px\" \/><\/figure><\/li><\/ul><\/figure>\n\n\n\n<p class=\"has-white-color has-text-color has-background has-medium-font-size\" style=\"background-color:#00a2af\"><strong>REBORN FROM THE ASHES<\/strong>          <\/p>\n\n\n\n<p><strong>\u201cRenascer das cinzas: mem\u00f3rias, hist\u00f3rias e trajet\u00f3rias do Museu Nacional\/UFRJ\u201d [Reborn from the ashes: memories, histories and trajectories of the National Museum\/UFRJ] <\/strong> collected testimonies from the public, students and public servants who shared the pain regarding the fire and hope for the Museum rebuilding. Check out the documentary teaser: <\/p>\n\n\n\n<figure class=\"wp-block-embed is-type-rich is-provider-embed-handler wp-block-embed-embed-handler\"><div class=\"wp-block-embed__wrapper\">\nhttps:\/\/youtube.com\/watch?v=kp6pIVriN0Q\n<\/div><\/figure>\n\n\n\n<p class=\"has-white-color has-text-color has-background has-medium-font-size\" style=\"background-color:#00a2af\"><strong>MUSEUM AT MAR\u00c9<\/strong><\/p>\n\n\n\n<p>Actions of the <strong>Museu Nacional Vive Project<\/strong> also involve students from Mar\u00e9 Slum. The documentary \u2018Mar\u00e9 de Sonhos\u2019 and a version of the exhibition <em> \u201cQuando Nem Tudo Era Gelo\u201d [When Not Everything Was Ice]<\/em> &#8211; which became \u201cQuebrando o Gelo\u201d [Breaking the Ice] \u2013 are some of the results of this powerful meeting between the Museum and the community.<\/p>\n\n\n\n<figure class=\"wp-block-image size-large\"><img loading=\"lazy\" width=\"1024\" height=\"498\" src=\"https:\/\/museunacionalvive.org.br\/wp-content\/uploads\/2021\/02\/sanitize_foto60_museunacional-na-mare.jpg_230221-122356-1024x498.jpg\" alt=\"\" class=\"wp-image-1495\" srcset=\"https:\/\/museunacionalvive.org.br\/wp-content\/uploads\/2021\/02\/sanitize_foto60_museunacional-na-mare.jpg_230221-122356-1024x498.jpg 1024w, https:\/\/museunacionalvive.org.br\/wp-content\/uploads\/2021\/02\/sanitize_foto60_museunacional-na-mare.jpg_230221-122356-300x146.jpg 300w, https:\/\/museunacionalvive.org.br\/wp-content\/uploads\/2021\/02\/sanitize_foto60_museunacional-na-mare.jpg_230221-122356-768x374.jpg 768w, https:\/\/museunacionalvive.org.br\/wp-content\/uploads\/2021\/02\/sanitize_foto60_museunacional-na-mare.jpg_230221-122356-1536x747.jpg 1536w, https:\/\/museunacionalvive.org.br\/wp-content\/uploads\/2021\/02\/sanitize_foto60_museunacional-na-mare.jpg_230221-122356.jpg 2048w\" sizes=\"(max-width: 1024px) 100vw, 1024px\" \/><\/figure>\n\n\n\n<hr class=\"wp-block-separator\" \/>\n\n\n\n<p class=\"has-medium-font-size\">Learn more about the <strong>Museu Nacional\u2019s University Extension<\/strong> projects and actions <strong><a rel=\"noreferrer noopener\" href=\"http:\/\/www.museunacional.ufrj.br\/dir\/extensao\" target=\"_blank\">here.<\/a><\/strong> <\/p>\n","protected":false},"excerpt":{"rendered":"<p>The National Museum keeps talking to society! In the classroom or at Quinta da Boa Vista, Mangueira or Mar\u00e9\u2026 The Museum continues to operate in different social contexts by means of courses, events and projects that encourage the exchange of knowledge and dialogue between science and popular knowledge. . FESTIVAL AT QUINTA DA BOA VISTA [&hellip;]<\/p>\n","protected":false},"author":1,"featured_media":0,"parent":0,"menu_order":0,"comment_status":"closed","ping_status":"closed","template":"","meta":[],"page_category":[],"acf":[],"_links":{"self":[{"href":"https:\/\/museunacionalvive.org.br\/en\/wp-json\/wp\/v2\/pages\/3313"}],"collection":[{"href":"https:\/\/museunacionalvive.org.br\/en\/wp-json\/wp\/v2\/pages"}],"about":[{"href":"https:\/\/museunacionalvive.org.br\/en\/wp-json\/wp\/v2\/types\/page"}],"author":[{"embeddable":true,"href":"https:\/\/museunacionalvive.org.br\/en\/wp-json\/wp\/v2\/users\/1"}],"replies":[{"embeddable":true,"href":"https:\/\/museunacionalvive.org.br\/en\/wp-json\/wp\/v2\/comments?post=3313"}],"version-history":[{"count":8,"href":"https:\/\/museunacionalvive.org.br\/en\/wp-json\/wp\/v2\/pages\/3313\/revisions"}],"predecessor-version":[{"id":4871,"href":"https:\/\/museunacionalvive.org.br\/en\/wp-json\/wp\/v2\/pages\/3313\/revisions\/4871"}],"wp:attachment":[{"href":"https:\/\/museunacionalvive.org.br\/en\/wp-json\/wp\/v2\/media?parent=3313"}],"wp:term":[{"taxonomy":"page_category","embeddable":true,"href":"https:\/\/museunacionalvive.org.br\/en\/wp-json\/wp\/v2\/page_category?post=3313"}],"curies":[{"name":"wp","href":"https:\/\/api.w.org\/{rel}","templated":true}]}}

<p>The National Museum keeps talking to society! In the classroom or at Quinta da Boa Vista, Mangueira or Maré… The Museum continues to operate in different social contexts by means of <strong>courses, events and projects that encourage the exchange of knowledge and dialogue between science and popular knowledge. </strong>. </p>



<p></p>



<hr class="wp-block-separator" />



<p class="has-white-color has-text-color has-background has-medium-font-size" style="background-color:#00a2af"><strong>FESTIVAL AT QUINTA DA BOA VISTA</strong></p>



<p>The <strong>Museu Nacional Vive Festival </strong>offers educational and cultural activities, bringing the public closer to the Museum’s collection and projects. </p>



<figure class="wp-block-gallery columns-2 is-cropped"><ul class="blocks-gallery-grid"><li class="blocks-gallery-item"><figure><img loading="lazy" width="1024" height="683" src="https://museunacionalvive.org.br/wp-content/uploads/2021/02/sanitize_19-12-07-festivalmuseunacionalvive-diogovasconcellos-6894.jpg_230221-121724-1024x683.jpg" alt="" data-id="1060" data-full-url="https://museunacionalvive.org.br/wp-content/uploads/2021/02/sanitize_19-12-07-festivalmuseunacionalvive-diogovasconcellos-6894.jpg_230221-121724-scaled.jpg" data-link="https://museunacionalvive.org.br/dialogo-com-a-sociedade/sanitize_19-12-07-festivalmuseunacionalvive-diogovasconcellos-6894-jpg_230221-121724/" class="wp-image-1491" srcset="https://museunacionalvive.org.br/wp-content/uploads/2021/02/sanitize_19-12-07-festivalmuseunacionalvive-diogovasconcellos-6894.jpg_230221-121724-1024x683.jpg 1024w, https://museunacionalvive.org.br/wp-content/uploads/2021/02/sanitize_19-12-07-festivalmuseunacionalvive-diogovasconcellos-6894.jpg_230221-121724-300x200.jpg 300w, https://museunacionalvive.org.br/wp-content/uploads/2021/02/sanitize_19-12-07-festivalmuseunacionalvive-diogovasconcellos-6894.jpg_230221-121724-768x512.jpg 768w, https://museunacionalvive.org.br/wp-content/uploads/2021/02/sanitize_19-12-07-festivalmuseunacionalvive-diogovasconcellos-6894.jpg_230221-121724-1536x1024.jpg 1536w, https://museunacionalvive.org.br/wp-content/uploads/2021/02/sanitize_19-12-07-festivalmuseunacionalvive-diogovasconcellos-6894.jpg_230221-121724-2048x1365.jpg 2048w" sizes="(max-width: 1024px) 100vw, 1024px" /></figure></li><li class="blocks-gallery-item"><figure><img loading="lazy" width="1024" height="683" src="https://museunacionalvive.org.br/wp-content/uploads/2021/02/sanitize_diogovasconcellos-festivalmn-20191020-5188.jpg_230221-121745-1024x683.jpg" alt="" data-id="1061" data-full-url="https://museunacionalvive.org.br/wp-content/uploads/2021/02/sanitize_diogovasconcellos-festivalmn-20191020-5188.jpg_230221-121745-scaled.jpg" data-link="https://museunacionalvive.org.br/dialogo-com-a-sociedade/sanitize_diogovasconcellos-festivalmn-20191020-5188-jpg_230221-121745/" class="wp-image-1492" srcset="https://museunacionalvive.org.br/wp-content/uploads/2021/02/sanitize_diogovasconcellos-festivalmn-20191020-5188.jpg_230221-121745-1024x683.jpg 1024w, https://museunacionalvive.org.br/wp-content/uploads/2021/02/sanitize_diogovasconcellos-festivalmn-20191020-5188.jpg_230221-121745-300x200.jpg 300w, https://museunacionalvive.org.br/wp-content/uploads/2021/02/sanitize_diogovasconcellos-festivalmn-20191020-5188.jpg_230221-121745-768x512.jpg 768w, https://museunacionalvive.org.br/wp-content/uploads/2021/02/sanitize_diogovasconcellos-festivalmn-20191020-5188.jpg_230221-121745-1536x1024.jpg 1536w, https://museunacionalvive.org.br/wp-content/uploads/2021/02/sanitize_diogovasconcellos-festivalmn-20191020-5188.jpg_230221-121745-2048x1365.jpg 2048w" sizes="(max-width: 1024px) 100vw, 1024px" /></figure></li></ul></figure>



<p class="has-white-color has-text-color has-background has-medium-font-size" style="background-color:#00a2af"><strong>MUSEU’S ANNIVERSARY</strong></p>



<p>Workshops, cultural actions and access to scientific production highlight <strong>“Ciência, História e Cultura: o Museu na Quinta da Boa Vista” [Science, History and Culture: the Museum at Quinta da Boa Vista]</strong>, a project that mobilizes the entire institution to celebrate, along with the public, this very special date! </p>



<figure class="wp-block-image size-large"><img loading="lazy" width="1024" height="684" src="https://museunacionalvive.org.br/wp-content/uploads/2021/02/sanitize_foto29_201anos_creditos_erbs-jr.jpg_230221-121814-1024x684.jpg" alt="" class="wp-image-1493" srcset="https://museunacionalvive.org.br/wp-content/uploads/2021/02/sanitize_foto29_201anos_creditos_erbs-jr.jpg_230221-121814-1024x684.jpg 1024w, https://museunacionalvive.org.br/wp-content/uploads/2021/02/sanitize_foto29_201anos_creditos_erbs-jr.jpg_230221-121814-300x200.jpg 300w, https://museunacionalvive.org.br/wp-content/uploads/2021/02/sanitize_foto29_201anos_creditos_erbs-jr.jpg_230221-121814-768x513.jpg 768w, https://museunacionalvive.org.br/wp-content/uploads/2021/02/sanitize_foto29_201anos_creditos_erbs-jr.jpg_230221-121814-1536x1025.jpg 1536w, https://museunacionalvive.org.br/wp-content/uploads/2021/02/sanitize_foto29_201anos_creditos_erbs-jr.jpg_230221-121814-2048x1367.jpg 2048w" sizes="(max-width: 1024px) 100vw, 1024px" /><figcaption>Credits: Erbs Jr.</figcaption></figure>



<p class="has-white-color has-text-color has-background has-medium-font-size" style="background-color:#00a2af"><strong>SCIENTIST GIRLS</strong></p>



<p>A girl’s place is wherever she wants! Twice a year, the Department of Geology and Paleontology opens enrollment for the <strong>“Girls with Science” </strong>course, which encourages curiosity and scientific thinking by means of playful and educational workshops.</p>



<figure class="wp-block-gallery columns-1 is-cropped"><ul class="blocks-gallery-grid"><li class="blocks-gallery-item"><figure><img loading="lazy" width="1024" height="615" src="https://museunacionalvive.org.br/wp-content/uploads/2021/02/sanitize_foto58_meninas-com-ciencia.jpg_230221-122021-1024x615.jpg" alt="" data-id="1063" data-full-url="https://museunacionalvive.org.br/wp-content/uploads/2021/02/sanitize_foto58_meninas-com-ciencia.jpg_230221-122021.jpg" data-link="https://museunacionalvive.org.br/dialogo-com-a-sociedade/sanitize_foto58_meninas-com-ciencia-jpg_230221-122021/" class="wp-image-1494" srcset="https://museunacionalvive.org.br/wp-content/uploads/2021/02/sanitize_foto58_meninas-com-ciencia.jpg_230221-122021-1024x615.jpg 1024w, https://museunacionalvive.org.br/wp-content/uploads/2021/02/sanitize_foto58_meninas-com-ciencia.jpg_230221-122021-300x180.jpg 300w, https://museunacionalvive.org.br/wp-content/uploads/2021/02/sanitize_foto58_meninas-com-ciencia.jpg_230221-122021-768x461.jpg 768w, https://museunacionalvive.org.br/wp-content/uploads/2021/02/sanitize_foto58_meninas-com-ciencia.jpg_230221-122021.jpg 1086w" sizes="(max-width: 1024px) 100vw, 1024px" /></figure></li></ul></figure>



<p class="has-white-color has-text-color has-background has-medium-font-size" style="background-color:#00a2af"><strong>REBORN FROM THE ASHES</strong>          </p>



<p><strong>“Renascer das cinzas: memórias, histórias e trajetórias do Museu Nacional/UFRJ” [Reborn from the ashes: memories, histories and trajectories of the National Museum/UFRJ] </strong> collected testimonies from the public, students and public servants who shared the pain regarding the fire and hope for the Museum rebuilding. Check out the documentary teaser: </p>



<figure class="wp-block-embed is-type-rich is-provider-embed-handler wp-block-embed-embed-handler"><div class="wp-block-embed__wrapper">
https://youtube.com/watch?v=kp6pIVriN0Q
</div></figure>



<p class="has-white-color has-text-color has-background has-medium-font-size" style="background-color:#00a2af"><strong>MUSEUM AT MARÉ</strong></p>



<p>Actions of the <strong>Museu Nacional Vive Project</strong> also involve students from Maré Slum. The documentary ‘Maré de Sonhos’ and a version of the exhibition <em> “Quando Nem Tudo Era Gelo” [When Not Everything Was Ice]</em> &#8211; which became “Quebrando o Gelo” [Breaking the Ice] – are some of the results of this powerful meeting between the Museum and the community.</p>



<figure class="wp-block-image size-large"><img loading="lazy" width="1024" height="498" src="https://museunacionalvive.org.br/wp-content/uploads/2021/02/sanitize_foto60_museunacional-na-mare.jpg_230221-122356-1024x498.jpg" alt="" class="wp-image-1495" srcset="https://museunacionalvive.org.br/wp-content/uploads/2021/02/sanitize_foto60_museunacional-na-mare.jpg_230221-122356-1024x498.jpg 1024w, https://museunacionalvive.org.br/wp-content/uploads/2021/02/sanitize_foto60_museunacional-na-mare.jpg_230221-122356-300x146.jpg 300w, https://museunacionalvive.org.br/wp-content/uploads/2021/02/sanitize_foto60_museunacional-na-mare.jpg_230221-122356-768x374.jpg 768w, https://museunacionalvive.org.br/wp-content/uploads/2021/02/sanitize_foto60_museunacional-na-mare.jpg_230221-122356-1536x747.jpg 1536w, https://museunacionalvive.org.br/wp-content/uploads/2021/02/sanitize_foto60_museunacional-na-mare.jpg_230221-122356.jpg 2048w" sizes="(max-width: 1024px) 100vw, 1024px" /></figure>



<hr class="wp-block-separator" />



<p class="has-medium-font-size">Learn more about the <strong>Museu Nacional’s University Extension</strong> projects and actions <strong><a rel="noreferrer noopener" href="http://www.museunacional.ufrj.br/dir/extensao" target="_blank">here.</a></strong> </p>

<p>The National Museum keeps talking to society! In the classroom or at Quinta da Boa Vista, Mangueira or Maré… The Museum continues to operate in different social contexts by means of courses, events and projects that encourage the exchange of knowledge and dialogue between science and popular knowledge. . FESTIVAL AT QUINTA DA BOA VISTA [&hellip;]</p>
