{"id":3327,"date":"2021-11-10T16:58:30","date_gmt":"2021-11-10T19:58:30","guid":{"rendered":"https:\/\/museunacionalvive.org.br\/sponsorship\/"},"modified":"2025-02-08T11:56:39","modified_gmt":"2025-02-08T14:56:39","slug":"partnerships","status":"publish","type":"page","link":"https:\/\/museunacionalvive.org.br\/en\/partnerships\/","title":{"rendered":"Partnerships"},"content":{"rendered":"\n<p>The Project has platinum sponsorship from <strong>BNDE<\/strong>S (Brazilian Development Bank),\u00a0<strong>Bradesco<\/strong>\u00a0and\u00a0<strong>Vale<\/strong>; silver sponsorship from\u00a0<strong>Ita\u00fa<\/strong>; bronze sponsorship from <strong>Eletrobras<\/strong>; support from\u00a0<strong>Rede Ita\u00fa<\/strong>, the Ministry of Education (<strong>MEC<\/strong>), Ministry of Science, Technology and Innovation (<strong>MCTI)<\/strong>, National Congress and the Federal Government, through the Culture Incentive Law. It is guided by the principles of transparency and participation; also has a partnership with institutions such as the Associa\u00e7\u00e3o Amigos do Museu Nacional (<strong>SAMN<\/strong>).<\/p>\n\n\n\n<p>These institutions\u2019 participation has been fundamental for the process of rebuilding and restoring the National Museum. With a global budget estimated at 516.8 million reais, the <strong> Museu Nacional Vive Project <\/strong>has different sponsorship models for the restoration, works and projects of the bicentennial institution, which has great scientific and cultural relevance. Sponsors may have tax incentives for support, in accordance with the rules and procedures of the Ministry of Culture. <\/p>\n\n\n\n<p>Be part of this historic moment! <strong>#MuseuNacionalVive<\/strong><\/p>\n\n\n\n<p class=\"has-medium-font-size\"><strong>Get in touch<\/strong><\/p>\n\n\n\n<p>Our Institutional Development team is prepared to assist institutions interested in sponsoring and supporting this initiative of rebuilding the Museu Nacional. Contact us by e-mail <a href=\"mailto:patrocinio@museunacionalvive.org\"><strong>parcerias@museunacionalvive.org.br<\/strong><\/a><\/p>\n\n\n\n<p class=\"has-white-color has-vivid-cyan-blue-background-color has-text-color has-background has-medium-font-size\"><strong>TESTIMONIES<\/strong><\/p>\n\n\n<div id=\"galeria-bloco\" class=\"galeria-carrosel\">\n    <\/div>\n\n<div id=\"galeria-bloco\" class=\"galeria-carrosel\">\n            <div class=\"row mx-0\">\n                            <div class='gallery-item col-12 col-sm-4 col-md-3 col-lg-2 my-3'>\n                    <div style='background-image: url(\"https:\/\/museunacionalvive.org.br\/wp-content\/uploads\/2021\/04\/sanitize_julio-costa-leite.jpg_190421-011948.jpg\")'><\/div>\n                    <img class=\"img-fluid\"\n                        data-caption = \"- Julio Costa Leite, Superintendente de Gest\u00e3o P\u00fablica e Socioambiental do BNDES\" \n                        data-bp=\"https:\/\/museunacionalvive.org.br\/wp-content\/uploads\/2021\/04\/sanitize_julio-costa-leite.jpg_190421-011948.jpg\" \n                        src=\"https:\/\/museunacionalvive.org.br\/wp-content\/uploads\/2021\/04\/sanitize_julio-costa-leite.jpg_190421-011948.jpg\" \n                        alt=\"\" \/>\n                <\/div>\n                            <div class='gallery-item col-12 col-sm-4 col-md-3 col-lg-2 my-3'>\n                    <div style='background-image: url(\"https:\/\/museunacionalvive.org.br\/wp-content\/uploads\/2021\/04\/sanitize_marcio-parizotto.jpg_190421-011459.jpg\")'><\/div>\n                    <img class=\"img-fluid\"\n                        data-caption = \"\u201cA uni\u00e3o do Bradesco com outras grandes organiza\u00e7\u00f5es para recuperar e desenvolver o Museu Nacional \u00e9, sem d\u00favida, uma forma de preservar a nossa hist\u00f3ria e, dessa forma, construirmos o futuro\u201d. M\u00e1rcio Parizotto, Diretor de Marketing do Bradesco\" \n                        data-bp=\"https:\/\/museunacionalvive.org.br\/wp-content\/uploads\/2021\/04\/sanitize_marcio-parizotto.jpg_190421-011459.jpg\" \n                        src=\"https:\/\/museunacionalvive.org.br\/wp-content\/uploads\/2021\/04\/sanitize_marcio-parizotto.jpg_190421-011459.jpg\" \n                        alt=\"\" \/>\n                <\/div>\n                            <div class='gallery-item col-12 col-sm-4 col-md-3 col-lg-2 my-3'>\n                    <div style='background-image: url(\"https:\/\/museunacionalvive.org.br\/wp-content\/uploads\/2021\/04\/sanitize_hugo-barreto.jpg_190421-011304.jpg\")'><\/div>\n                    <img class=\"img-fluid\"\n                        data-caption = \"O Museu Nacional \u00e9 um projeto muito importante para n\u00f3s, por ser parte da nossa hist\u00f3ria e da nossa identidade. A Vale investir\u00e1, ao todo, R$50 milh\u00f5es na reconstru\u00e7\u00e3o do museu de hist\u00f3ria natural e antropologia mais importante da Am\u00e9rica Latina. Al\u00e9m do aporte financeiro da empresa, o Instituto Cultural Vale faz parte da estrutura de governan\u00e7a do projeto, ao lado da UFRJ e UNESCO. E contribui para a iniciativa \u2018Museu Nacional Vive\u2019 com expertise adquirida ao longo de duas d\u00e9cadas, com gest\u00e3o de quatro museus e centros culturais pr\u00f3prios, al\u00e9m de projetos implementados ou patrocinados\u201d.\nHugo Barreto, presidente do Instituto Cultural Vale\" \n                        data-bp=\"https:\/\/museunacionalvive.org.br\/wp-content\/uploads\/2021\/04\/sanitize_hugo-barreto.jpg_190421-011304.jpg\" \n                        src=\"https:\/\/museunacionalvive.org.br\/wp-content\/uploads\/2021\/04\/sanitize_hugo-barreto.jpg_190421-011304.jpg\" \n                        alt=\"\" \/>\n                <\/div>\n                    <\/div>\n    <\/div>","protected":false},"excerpt":{"rendered":"<p>The Project has platinum sponsorship from BNDES (Brazilian Development Bank),\u00a0Bradesco\u00a0and\u00a0Vale; silver sponsorship from\u00a0Ita\u00fa; bronze sponsorship from Eletrobras; support from\u00a0Rede Ita\u00fa, the Ministry of Education (MEC), Ministry of Science, Technology and Innovation (MCTI), National Congress and the Federal Government, through the Culture Incentive Law. It is guided by the principles of transparency and participation; also has [&hellip;]<\/p>\n","protected":false},"author":1,"featured_media":0,"parent":0,"menu_order":0,"comment_status":"closed","ping_status":"closed","template":"","meta":[],"page_category":[],"acf":[],"_links":{"self":[{"href":"https:\/\/museunacionalvive.org.br\/en\/wp-json\/wp\/v2\/pages\/3327"}],"collection":[{"href":"https:\/\/museunacionalvive.org.br\/en\/wp-json\/wp\/v2\/pages"}],"about":[{"href":"https:\/\/museunacionalvive.org.br\/en\/wp-json\/wp\/v2\/types\/page"}],"author":[{"embeddable":true,"href":"https:\/\/museunacionalvive.org.br\/en\/wp-json\/wp\/v2\/users\/1"}],"replies":[{"embeddable":true,"href":"https:\/\/museunacionalvive.org.br\/en\/wp-json\/wp\/v2\/comments?post=3327"}],"version-history":[{"count":8,"href":"https:\/\/museunacionalvive.org.br\/en\/wp-json\/wp\/v2\/pages\/3327\/revisions"}],"predecessor-version":[{"id":4941,"href":"https:\/\/museunacionalvive.org.br\/en\/wp-json\/wp\/v2\/pages\/3327\/revisions\/4941"}],"wp:attachment":[{"href":"https:\/\/museunacionalvive.org.br\/en\/wp-json\/wp\/v2\/media?parent=3327"}],"wp:term":[{"taxonomy":"page_category","embeddable":true,"href":"https:\/\/museunacionalvive.org.br\/en\/wp-json\/wp\/v2\/page_category?post=3327"}],"curies":[{"name":"wp","href":"https:\/\/api.w.org\/{rel}","templated":true}]}}

<p>The Project has platinum sponsorship from <strong>BNDE</strong>S (Brazilian Development Bank), <strong>Bradesco</strong> and <strong>Vale</strong>; silver sponsorship from <strong>Itaú</strong>; bronze sponsorship from <strong>Eletrobras</strong>; support from <strong>Rede Itaú</strong>, the Ministry of Education (<strong>MEC</strong>), Ministry of Science, Technology and Innovation (<strong>MCTI)</strong>, National Congress and the Federal Government, through the Culture Incentive Law. It is guided by the principles of transparency and participation; also has a partnership with institutions such as the Associação Amigos do Museu Nacional (<strong>SAMN</strong>).</p>



<p>These institutions’ participation has been fundamental for the process of rebuilding and restoring the National Museum. With a global budget estimated at 516.8 million reais, the <strong> Museu Nacional Vive Project </strong>has different sponsorship models for the restoration, works and projects of the bicentennial institution, which has great scientific and cultural relevance. Sponsors may have tax incentives for support, in accordance with the rules and procedures of the Ministry of Culture. </p>



<p>Be part of this historic moment! <strong>#MuseuNacionalVive</strong></p>



<p class="has-medium-font-size"><strong>Get in touch</strong></p>



<p>Our Institutional Development team is prepared to assist institutions interested in sponsoring and supporting this initiative of rebuilding the Museu Nacional. Contact us by e-mail <a href="mailto:patrocinio@museunacionalvive.org"><strong>parcerias@museunacionalvive.org.br</strong></a></p>



<p class="has-white-color has-vivid-cyan-blue-background-color has-text-color has-background has-medium-font-size"><strong>TESTIMONIES</strong></p>


<div id="galeria-bloco" class="galeria-carrosel">
    </div>

<div id="galeria-bloco" class="galeria-carrosel">
            <div class="row mx-0">
                            <div class='gallery-item col-12 col-sm-4 col-md-3 col-lg-2 my-3'>
                    <div style='background-image: url("https://museunacionalvive.org.br/wp-content/uploads/2021/04/sanitize_julio-costa-leite.jpg_190421-011948.jpg")'></div>
                    <img class="img-fluid"
                        data-caption = "- Julio Costa Leite, Superintendente de Gestão Pública e Socioambiental do BNDES" 
                        data-bp="https://museunacionalvive.org.br/wp-content/uploads/2021/04/sanitize_julio-costa-leite.jpg_190421-011948.jpg" 
                        src="https://museunacionalvive.org.br/wp-content/uploads/2021/04/sanitize_julio-costa-leite.jpg_190421-011948.jpg" 
                        alt="" />
                </div>
                            <div class='gallery-item col-12 col-sm-4 col-md-3 col-lg-2 my-3'>
                    <div style='background-image: url("https://museunacionalvive.org.br/wp-content/uploads/2021/04/sanitize_marcio-parizotto.jpg_190421-011459.jpg")'></div>
                    <img class="img-fluid"
                        data-caption = "“A união do Bradesco com outras grandes organizações para recuperar e desenvolver o Museu Nacional é, sem dúvida, uma forma de preservar a nossa história e, dessa forma, construirmos o futuro”. Márcio Parizotto, Diretor de Marketing do Bradesco" 
                        data-bp="https://museunacionalvive.org.br/wp-content/uploads/2021/04/sanitize_marcio-parizotto.jpg_190421-011459.jpg" 
                        src="https://museunacionalvive.org.br/wp-content/uploads/2021/04/sanitize_marcio-parizotto.jpg_190421-011459.jpg" 
                        alt="" />
                </div>
                            <div class='gallery-item col-12 col-sm-4 col-md-3 col-lg-2 my-3'>
                    <div style='background-image: url("https://museunacionalvive.org.br/wp-content/uploads/2021/04/sanitize_hugo-barreto.jpg_190421-011304.jpg")'></div>
                    <img class="img-fluid"
                        data-caption = "O Museu Nacional é um projeto muito importante para nós, por ser parte da nossa história e da nossa identidade. A Vale investirá, ao todo, R$50 milhões na reconstrução do museu de história natural e antropologia mais importante da América Latina. Além do aporte financeiro da empresa, o Instituto Cultural Vale faz parte da estrutura de governança do projeto, ao lado da UFRJ e UNESCO. E contribui para a iniciativa ‘Museu Nacional Vive’ com expertise adquirida ao longo de duas décadas, com gestão de quatro museus e centros culturais próprios, além de projetos implementados ou patrocinados”.
Hugo Barreto, presidente do Instituto Cultural Vale" 
                        data-bp="https://museunacionalvive.org.br/wp-content/uploads/2021/04/sanitize_hugo-barreto.jpg_190421-011304.jpg" 
                        src="https://museunacionalvive.org.br/wp-content/uploads/2021/04/sanitize_hugo-barreto.jpg_190421-011304.jpg" 
                        alt="" />
                </div>
                    </div>
    </div>

<p>The Project has platinum sponsorship from BNDES (Brazilian Development Bank), Bradesco and Vale; silver sponsorship from Itaú; bronze sponsorship from Eletrobras; support from Rede Itaú, the Ministry of Education (MEC), Ministry of Science, Technology and Innovation (MCTI), National Congress and the Federal Government, through the Culture Incentive Law. It is guided by the principles of transparency and participation; also has [&hellip;]</p>
